{"id":373,"date":"2022-04-05T21:03:26","date_gmt":"2022-04-05T21:03:26","guid":{"rendered":"https:\/\/kullboviken.se\/?page_id=373"},"modified":"2024-11-05T15:29:17","modified_gmt":"2024-11-05T15:29:17","slug":"kontakt","status":"publish","type":"page","link":"https:\/\/kullboviken.se\/?page_id=373","title":{"rendered":"Kontakt"},"content":{"rendered":"<h4>Styrelse f\u00f6r f\u00f6reningen best\u00e5r av:<\/h4>\n<p>H\u00e5kan Lundmark, ordf\u00f6rande<\/p>\n<p>Karin \u00c5sman, kass\u00f6r<\/p>\n<p>Torgny Schennings, sekreterare<\/p>\n<p>M\u00e5rten Reinholds, Ledamot<\/p>\n<p>Niklas Andersson, ledamot<\/p>\n<p><img loading=\"lazy\" src=\"https:\/\/kullboviken.se\/wp-content\/uploads\/2022\/04\/Kullboviken-10-av-6-1024x683.jpg\" sizes=\"(max-width: 760px) 100vw, 760px\" srcset=\"https:\/\/kullboviken.se\/wp-content\/uploads\/2022\/04\/Kullboviken-10-av-6-1024x683.jpg 1024w, https:\/\/kullboviken.se\/wp-content\/uploads\/2022\/04\/Kullboviken-10-av-6-300x200.jpg 300w, https:\/\/kullboviken.se\/wp-content\/uploads\/2022\/04\/Kullboviken-10-av-6-768x512.jpg 768w, https:\/\/kullboviken.se\/wp-content\/uploads\/2022\/04\/Kullboviken-10-av-6-1536x1024.jpg 1536w, https:\/\/kullboviken.se\/wp-content\/uploads\/2022\/04\/Kullboviken-10-av-6-1200x800.jpg 1200w, https:\/\/kullboviken.se\/wp-content\/uploads\/2022\/04\/Kullboviken-10-av-6.jpg 1800w\" alt=\"\" width=\"760\" height=\"507\" \/><\/p>\n<figure><img loading=\"lazy\" src=\"https:\/\/kullboviken.se\/wp-content\/uploads\/2022\/06\/Kullbois-1-av-1-683x1024.jpg\" sizes=\"(max-width: 683px) 100vw, 683px\" srcset=\"https:\/\/kullboviken.se\/wp-content\/uploads\/2022\/06\/Kullbois-1-av-1-683x1024.jpg 683w, https:\/\/kullboviken.se\/wp-content\/uploads\/2022\/06\/Kullbois-1-av-1-200x300.jpg 200w, https:\/\/kullboviken.se\/wp-content\/uploads\/2022\/06\/Kullbois-1-av-1-768x1151.jpg 768w, https:\/\/kullboviken.se\/wp-content\/uploads\/2022\/06\/Kullbois-1-av-1-427x640.jpg 427w, https:\/\/kullboviken.se\/wp-content\/uploads\/2022\/06\/Kullbois-1-av-1.jpg 934w\" alt=\"\" width=\"683\" height=\"1024\" \/><figcaption>Vintertid kan isarna locka till turer.<\/figcaption><\/figure>\n<figure><img loading=\"lazy\" src=\"https:\/\/kullboviken.se\/wp-content\/uploads\/2022\/04\/Oland_faglar-9-av-10-1-1024x682.jpg\" sizes=\"(max-width: 760px) 100vw, 760px\" srcset=\"https:\/\/kullboviken.se\/wp-content\/uploads\/2022\/04\/Oland_faglar-9-av-10-1-1024x682.jpg 1024w, https:\/\/kullboviken.se\/wp-content\/uploads\/2022\/04\/Oland_faglar-9-av-10-1-300x200.jpg 300w, https:\/\/kullboviken.se\/wp-content\/uploads\/2022\/04\/Oland_faglar-9-av-10-1-768x512.jpg 768w, https:\/\/kullboviken.se\/wp-content\/uploads\/2022\/04\/Oland_faglar-9-av-10-1-1536x1024.jpg 1536w, https:\/\/kullboviken.se\/wp-content\/uploads\/2022\/04\/Oland_faglar-9-av-10-1-1200x800.jpg 1200w, https:\/\/kullboviken.se\/wp-content\/uploads\/2022\/04\/Oland_faglar-9-av-10-1.jpg 2000w\" alt=\"\" width=\"760\" height=\"506\" \/><figcaption>Enkelbeckasinen kan ses under flyttperioden vid sj\u00f6n.<\/figcaption><\/figure>\n","protected":false},"excerpt":{"rendered":"<p>Styrelse f\u00f6r f\u00f6reningen best\u00e5r av: H\u00e5kan Lundmark, ordf\u00f6rande Karin \u00c5sman, kass\u00f6r Torgny Schennings, sekreterare M\u00e5rten Reinholds, Ledamot Niklas Andersson, ledamot Vintertid kan isarna locka till turer. Enkelbeckasinen kan ses under flyttperioden vid sj\u00f6n.<\/p>\n","protected":false},"author":1,"featured_media":0,"parent":0,"menu_order":0,"comment_status":"closed","ping_status":"closed","template":"","meta":[],"_links":{"self":[{"href":"https:\/\/kullboviken.se\/index.php?rest_route=\/wp\/v2\/pages\/373"}],"collection":[{"href":"https:\/\/kullboviken.se\/index.php?rest_route=\/wp\/v2\/pages"}],"about":[{"href":"https:\/\/kullboviken.se\/index.php?rest_route=\/wp\/v2\/types\/page"}],"author":[{"embeddable":true,"href":"https:\/\/kullboviken.se\/index.php?rest_route=\/wp\/v2\/users\/1"}],"replies":[{"embeddable":true,"href":"https:\/\/kullboviken.se\/index.php?rest_route=%2Fwp%2Fv2%2Fcomments&post=373"}],"version-history":[{"count":37,"href":"https:\/\/kullboviken.se\/index.php?rest_route=\/wp\/v2\/pages\/373\/revisions"}],"predecessor-version":[{"id":1212,"href":"https:\/\/kullboviken.se\/index.php?rest_route=\/wp\/v2\/pages\/373\/revisions\/1212"}],"wp:attachment":[{"href":"https:\/\/kullboviken.se\/index.php?rest_route=%2Fwp%2Fv2%2Fmedia&parent=373"}],"curies":[{"name":"wp","href":"https:\/\/api.w.org\/{rel}","templated":true}]}}

<h4>Styrelse för föreningen består av:</h4>
<p>Håkan Lundmark, ordförande</p>
<p>Karin Åsman, kassör</p>
<p>Torgny Schennings, sekreterare</p>
<p>Mårten Reinholds, Ledamot</p>
<p>Niklas Andersson, ledamot</p>
<p><img loading="lazy" src="https://kullboviken.se/wp-content/uploads/2022/04/Kullboviken-10-av-6-1024x683.jpg" sizes="(max-width: 760px) 100vw, 760px" srcset="https://kullboviken.se/wp-content/uploads/2022/04/Kullboviken-10-av-6-1024x683.jpg 1024w, https://kullboviken.se/wp-content/uploads/2022/04/Kullboviken-10-av-6-300x200.jpg 300w, https://kullboviken.se/wp-content/uploads/2022/04/Kullboviken-10-av-6-768x512.jpg 768w, https://kullboviken.se/wp-content/uploads/2022/04/Kullboviken-10-av-6-1536x1024.jpg 1536w, https://kullboviken.se/wp-content/uploads/2022/04/Kullboviken-10-av-6-1200x800.jpg 1200w, https://kullboviken.se/wp-content/uploads/2022/04/Kullboviken-10-av-6.jpg 1800w" alt="" width="760" height="507" /></p>
<figure><img loading="lazy" src="https://kullboviken.se/wp-content/uploads/2022/06/Kullbois-1-av-1-683x1024.jpg" sizes="(max-width: 683px) 100vw, 683px" srcset="https://kullboviken.se/wp-content/uploads/2022/06/Kullbois-1-av-1-683x1024.jpg 683w, https://kullboviken.se/wp-content/uploads/2022/06/Kullbois-1-av-1-200x300.jpg 200w, https://kullboviken.se/wp-content/uploads/2022/06/Kullbois-1-av-1-768x1151.jpg 768w, https://kullboviken.se/wp-content/uploads/2022/06/Kullbois-1-av-1-427x640.jpg 427w, https://kullboviken.se/wp-content/uploads/2022/06/Kullbois-1-av-1.jpg 934w" alt="" width="683" height="1024" /><figcaption>Vintertid kan isarna locka till turer.</figcaption></figure>
<figure><img loading="lazy" src="https://kullboviken.se/wp-content/uploads/2022/04/Oland_faglar-9-av-10-1-1024x682.jpg" sizes="(max-width: 760px) 100vw, 760px" srcset="https://kullboviken.se/wp-content/uploads/2022/04/Oland_faglar-9-av-10-1-1024x682.jpg 1024w, https://kullboviken.se/wp-content/uploads/2022/04/Oland_faglar-9-av-10-1-300x200.jpg 300w, https://kullboviken.se/wp-content/uploads/2022/04/Oland_faglar-9-av-10-1-768x512.jpg 768w, https://kullboviken.se/wp-content/uploads/2022/04/Oland_faglar-9-av-10-1-1536x1024.jpg 1536w, https://kullboviken.se/wp-content/uploads/2022/04/Oland_faglar-9-av-10-1-1200x800.jpg 1200w, https://kullboviken.se/wp-content/uploads/2022/04/Oland_faglar-9-av-10-1.jpg 2000w" alt="" width="760" height="506" /><figcaption>Enkelbeckasinen kan ses under flyttperioden vid sjön.</figcaption></figure>

<p>Styrelse för föreningen består av: Håkan Lundmark, ordförande Karin Åsman, kassör Torgny Schennings, sekreterare Mårten Reinholds, Ledamot Niklas Andersson, ledamot Vintertid kan isarna locka till turer. Enkelbeckasinen kan ses under flyttperioden vid sjön.</p>
